CRAN Package Check Results for Package AHPhybrid

Last updated on 2025-05-28 12:49:27 CEST.

Flavor Version Tinstall Tcheck Ttotal Status Flags
r-devel-linux-x86_64-debian-clang 0.1.0 1.54 17.52 19.06 OK
r-devel-linux-x86_64-debian-gcc 0.1.0 1.34 14.22 15.56 OK
r-devel-linux-x86_64-fedora-clang 0.1.0 30.52 OK
r-devel-linux-x86_64-fedora-gcc 0.1.0 29.51 OK
r-devel-windows-x86_64 0.1.0 3.00 42.00 45.00 OK
r-patched-linux-x86_64 0.1.0 1.64 16.90 18.54 OK
r-release-linux-x86_64 0.1.0 1.72 16.96 18.68 OK
r-release-macos-arm64 0.1.0 14.00 OK
r-release-macos-x86_64 0.1.0 23.00 OK
r-release-windows-x86_64 0.1.0 3.00 41.00 44.00 OK
r-oldrel-macos-arm64 0.1.0 18.00 NOTE
r-oldrel-macos-x86_64 0.1.0 20.00 NOTE
r-oldrel-windows-x86_64 0.1.0 4.00 41.00 45.00 NOTE

Check Details

Version: 0.1.0
Check: LazyData
Result: NOTE 'LazyData' is specified without a 'data' directory Flavors: r-oldrel-macos-arm64, r-oldrel-macos-x86_64, r-oldrel-windows-x86_64

mirror server hosted at Truenetwork, Russian Federation.