CRAN Package Check Results for Package APCanalysis

Last updated on 2025-05-23 12:49:23 CEST.

Flavor Version Tinstall Tcheck Ttotal Status Flags
r-devel-linux-x86_64-debian-clang 1.0 1.88 70.57 72.45 NOTE
r-devel-linux-x86_64-debian-gcc 1.0 1.59 50.95 52.54 NOTE
r-devel-linux-x86_64-fedora-clang 1.0 116.26 OK
r-devel-linux-x86_64-fedora-gcc 1.0 116.00 OK
r-devel-windows-x86_64 1.0 3.00 75.00 78.00 OK
r-patched-linux-x86_64 1.0 1.65 72.48 74.13 OK
r-release-linux-x86_64 1.0 1.87 67.26 69.13 OK
r-release-macos-arm64 1.0 33.00 OK
r-release-macos-x86_64 1.0 73.00 OK
r-release-windows-x86_64 1.0 4.00 75.00 79.00 OK
r-oldrel-macos-arm64 1.0 36.00 OK
r-oldrel-macos-x86_64 1.0 48.00 OK
r-oldrel-windows-x86_64 1.0 4.00 73.00 77.00 OK

Check Details

Version: 1.0
Check: CRAN incoming feasibility
Result: NOTE Maintainer: ‘Arden Miller <a.miller@auckland.ac.nz>’ No Authors@R field in DESCRIPTION. Please add one, modifying Authors@R: c(person(given = "Arden", family = "Miller", role = c("aut", "cre"), email = "a.miller@auckland.ac.nz"), person(given = c("Abu", "Zar", "Md."), family = "Shafiullah.", role = "aut")) as necessary. Flavors: r-devel-linux-x86_64-debian-clang, r-devel-linux-x86_64-debian-gcc

mirror server hosted at Truenetwork, Russian Federation.