CRAN Package Check Results for Package BTM

Last updated on 2025-05-29 18:50:15 CEST.

Flavor Version Tinstall Tcheck Ttotal Status Flags
r-devel-linux-x86_64-debian-clang 0.3.7 21.42 35.98 57.40 NOTE
r-devel-linux-x86_64-debian-gcc 0.3.7 17.88 31.46 49.34 NOTE
r-devel-linux-x86_64-fedora-clang 0.3.7 97.41 NOTE
r-devel-linux-x86_64-fedora-gcc 0.3.7 98.45 NOTE
r-devel-windows-x86_64 0.3.7 26.00 78.00 104.00 NOTE
r-patched-linux-x86_64 0.3.7 24.33 33.81 58.14 NOTE
r-release-linux-x86_64 0.3.7 23.47 33.41 56.88 NOTE
r-release-macos-arm64 0.3.7 33.00 NOTE
r-release-macos-x86_64 0.3.7 52.00 NOTE
r-release-windows-x86_64 0.3.7 26.00 71.00 97.00 NOTE
r-oldrel-macos-arm64 0.3.7 35.00 NOTE
r-oldrel-macos-x86_64 0.3.7 47.00 NOTE
r-oldrel-windows-x86_64 0.3.7 28.00 81.00 109.00 NOTE

Check Details

Version: 0.3.7
Check: Rd files
Result: NOTE checkRd: (-1) terms.BTM.Rd:23-25: Lost braces in \itemize; \value handles \item{}{} directly checkRd: (-1) terms.BTM.Rd:26-32: Lost braces in \itemize; \value handles \item{}{} directly checkRd: (-1) terms.data.frame.Rd:25-31: Lost braces in \itemize; \value handles \item{}{} directly checkRd: (-1) terms.data.frame.Rd:32-38: Lost braces in \itemize; \value handles \item{}{} directly Flavors: r-devel-linux-x86_64-debian-clang, r-devel-linux-x86_64-debian-gcc, r-devel-linux-x86_64-fedora-clang, r-devel-linux-x86_64-fedora-gcc, r-devel-windows-x86_64, r-patched-linux-x86_64, r-release-linux-x86_64, r-release-macos-arm64, r-release-macos-x86_64, r-release-windows-x86_64, r-oldrel-macos-arm64, r-oldrel-macos-x86_64, r-oldrel-windows-x86_64

mirror server hosted at Truenetwork, Russian Federation.