Last updated on 2025-05-22 18:52:01 CEST.
Flavor | Version | Tinstall | Tcheck | Ttotal | Status | Flags |
---|---|---|---|---|---|---|
r-devel-linux-x86_64-debian-clang | 3.0.1 | 129.82 | 108.05 | 237.87 | NOTE | |
r-devel-linux-x86_64-debian-gcc | 3.0.1 | 96.02 | 85.71 | 181.73 | NOTE | |
r-devel-linux-x86_64-fedora-clang | 3.0.1 | 407.74 | NOTE | |||
r-devel-linux-x86_64-fedora-gcc | 3.0.1 | 461.77 | NOTE | |||
r-devel-windows-x86_64 | 3.0.1 | 152.00 | 136.00 | 288.00 | NOTE | |
r-patched-linux-x86_64 | 3.0.1 | 134.86 | 94.62 | 229.48 | NOTE | |
r-release-linux-x86_64 | 3.0.1 | 137.97 | 103.06 | 241.03 | NOTE | |
r-release-macos-arm64 | 3.0.1 | 101.00 | NOTE | |||
r-release-macos-x86_64 | 3.0.1 | 129.00 | NOTE | |||
r-release-windows-x86_64 | 3.0.1 | 151.00 | 138.00 | 289.00 | NOTE | |
r-oldrel-macos-arm64 | 3.0.1 | 92.00 | NOTE | |||
r-oldrel-macos-x86_64 | 3.0.1 | 165.00 | NOTE | |||
r-oldrel-windows-x86_64 | 3.0.1 | 171.00 | 155.00 | 326.00 | OK |
Version: 3.0.1
Check: DESCRIPTION meta-information
Result: NOTE
Missing dependency on R >= 4.1.0 because package code uses the pipe
|> or function shorthand \(...) syntax added in R 4.1.0.
File(s) using such syntax:
‘BranchGLM.R’ ‘BranchGLMTable.R’ ‘VariableImportance.R’
‘VariableImportance.boot.R’ ‘summaryBranchGLMVS.R’
Flavors: r-devel-linux-x86_64-debian-clang, r-devel-linux-x86_64-debian-gcc, r-devel-linux-x86_64-fedora-clang, r-devel-linux-x86_64-fedora-gcc, r-devel-windows-x86_64, r-patched-linux-x86_64, r-release-linux-x86_64, r-release-macos-arm64, r-release-macos-x86_64, r-release-windows-x86_64
Version: 3.0.1
Check: installed package size
Result: NOTE
installed size is 9.8Mb
sub-directories of 1Mb or more:
libs 9.1Mb
Flavors: r-oldrel-macos-arm64, r-oldrel-macos-x86_64