Last updated on 2025-05-29 18:50:15 CEST.
Flavor | Version | Tinstall | Tcheck | Ttotal | Status | Flags |
---|---|---|---|---|---|---|
r-devel-linux-x86_64-debian-clang | 0.1.2 | 2.36 | 21.13 | 23.49 | NOTE | |
r-devel-linux-x86_64-debian-gcc | 0.1.2 | 1.76 | 16.53 | 18.29 | NOTE | |
r-devel-linux-x86_64-fedora-clang | 0.1.2 | 38.85 | OK | |||
r-devel-linux-x86_64-fedora-gcc | 0.1.2 | 34.86 | OK | |||
r-devel-windows-x86_64 | 0.1.2 | 4.00 | 42.00 | 46.00 | OK | |
r-patched-linux-x86_64 | 0.1.2 | 2.52 | 20.09 | 22.61 | OK | |
r-release-linux-x86_64 | 0.1.2 | 2.34 | 20.08 | 22.42 | OK | |
r-release-macos-arm64 | 0.1.2 | 16.00 | OK | |||
r-release-macos-x86_64 | 0.1.2 | 30.00 | OK | |||
r-release-windows-x86_64 | 0.1.2 | 4.00 | 44.00 | 48.00 | OK | |
r-oldrel-macos-arm64 | 0.1.2 | 17.00 | OK | |||
r-oldrel-macos-x86_64 | 0.1.2 | 22.00 | OK | |||
r-oldrel-windows-x86_64 | 0.1.2 | 4.00 | 48.00 | 52.00 | OK |
Version: 0.1.2
Check: CRAN incoming feasibility
Result: NOTE
Maintainer: ‘Yaofang Hu <yaofangh@smu.edu>’
The Description field contains
Wang (2022) <arXiv:2306.15616>. In addition to CASCORE, this package
Please refer to arXiv e-prints via their arXiv DOI <doi:10.48550/arXiv.YYMM.NNNNN>.
Flavors: r-devel-linux-x86_64-debian-clang, r-devel-linux-x86_64-debian-gcc