CRAN Package Check Results for Package CLAST

Last updated on 2025-05-21 06:49:31 CEST.

Flavor Version Tinstall Tcheck Ttotal Status Flags
r-devel-linux-x86_64-debian-clang 1.0.1 2.40 22.73 25.13 NOTE
r-devel-linux-x86_64-debian-gcc 1.0.1 1.96 17.60 19.56 NOTE
r-devel-linux-x86_64-fedora-clang 1.0.1 41.28 OK
r-devel-linux-x86_64-fedora-gcc 1.0.1 38.78 OK
r-devel-windows-x86_64 1.0.1 5.00 47.00 52.00 OK
r-patched-linux-x86_64 1.0.1 2.96 21.68 24.64 OK
r-release-linux-x86_64 1.0.1 2.40 21.82 24.22 OK
r-release-macos-arm64 1.0.1 18.00 OK
r-release-macos-x86_64 1.0.1 26.00 OK
r-release-windows-x86_64 1.0.1 3.00 47.00 50.00 OK
r-oldrel-macos-arm64 1.0.1 20.00 OK
r-oldrel-macos-x86_64 1.0.1 36.00 OK
r-oldrel-windows-x86_64 1.0.1 3.00 44.00 47.00 OK

Check Details

Version: 1.0.1
Check: CRAN incoming feasibility
Result: NOTE Maintainer: ‘Chris J. Lloyd <c.lloyd@mbs.edu>’ No Authors@R field in DESCRIPTION. Please add one, modifying Authors@R: person(given = c("Chris", "J."), family = "Lloyd", role = c("aut", "cre"), email = "c.lloyd@mbs.edu") as necessary. Flavors: r-devel-linux-x86_64-debian-clang, r-devel-linux-x86_64-debian-gcc

mirror server hosted at Truenetwork, Russian Federation.