Last updated on 2025-05-21 06:49:31 CEST.
Flavor | Version | Tinstall | Tcheck | Ttotal | Status | Flags |
---|---|---|---|---|---|---|
r-devel-linux-x86_64-debian-clang | 2.3.0 | 13.63 | 114.08 | 127.71 | NOTE | |
r-devel-linux-x86_64-debian-gcc | 2.3.0 | 9.49 | 83.01 | 92.50 | NOTE | |
r-devel-linux-x86_64-fedora-clang | 2.3.0 | 205.44 | OK | |||
r-devel-linux-x86_64-fedora-gcc | 2.3.0 | 186.79 | OK | |||
r-devel-windows-x86_64 | 2.3.0 | 13.00 | 113.00 | 126.00 | OK | |
r-patched-linux-x86_64 | 2.3.0 | 12.12 | 107.10 | 119.22 | OK | |
r-release-linux-x86_64 | 2.3.0 | 12.99 | 107.15 | 120.14 | OK | |
r-release-macos-arm64 | 2.3.0 | 52.00 | OK | |||
r-release-macos-x86_64 | 2.3.0 | 130.00 | OK | |||
r-release-windows-x86_64 | 2.3.0 | 13.00 | 112.00 | 125.00 | OK | |
r-oldrel-macos-arm64 | 2.3.0 | 50.00 | OK | |||
r-oldrel-macos-x86_64 | 2.3.0 | 20.00 | ERROR | |||
r-oldrel-windows-x86_64 | 2.3.0 | 15.00 | 126.00 | 141.00 | OK |
Version: 2.3.0
Check: CRAN incoming feasibility
Result: NOTE
Maintainer: ‘Florencia I. Pozzi <florenciapoz@hotmail.com>’
No Authors@R field in DESCRIPTION.
Please add one, modifying
Authors@R: c(person(given = c("Florencia", "I."),
family = "Pozzi",
role = c("aut", "cre"),
email = "florenciapoz@hotmail.com"),
person(given = c("Silvina", "A."),
family = "Felitti",
role = "aut"))
as necessary.
Flavors: r-devel-linux-x86_64-debian-clang, r-devel-linux-x86_64-debian-gcc
Version: 2.3.0
Check: package dependencies
Result: ERROR
Package required but not available: ‘pwalign’
See section ‘The DESCRIPTION file’ in the ‘Writing R Extensions’
manual.
Flavor: r-oldrel-macos-x86_64