CRAN Package Check Results for Package ClustGeo

Last updated on 2025-05-29 18:50:16 CEST.

Flavor Version Tinstall Tcheck Ttotal Status Flags
r-devel-linux-x86_64-debian-clang 2.1 1.91 32.86 34.77 OK
r-devel-linux-x86_64-debian-gcc 2.1 1.62 25.86 27.48 OK
r-devel-linux-x86_64-fedora-clang 2.1 53.57 NOTE
r-devel-linux-x86_64-fedora-gcc 2.1 67.86 NOTE
r-devel-windows-x86_64 2.1 4.00 52.00 56.00 OK
r-patched-linux-x86_64 2.1 2.32 31.53 33.85 OK
r-release-linux-x86_64 2.1 2.06 31.61 33.67 OK
r-release-macos-arm64 2.1 40.00 OK
r-release-macos-x86_64 2.1 53.00 OK
r-release-windows-x86_64 2.1 4.00 54.00 58.00 OK
r-oldrel-macos-arm64 2.1 26.00 OK
r-oldrel-macos-x86_64 2.1 39.00 OK
r-oldrel-windows-x86_64 2.1 4.00 60.00 64.00 OK

Check Details

Version: 2.1
Check: dependencies in R code
Result: NOTE Namespaces in Imports field not imported from: ‘sp’ ‘spdep’ All declared Imports should be used. Flavors: r-devel-linux-x86_64-fedora-clang, r-devel-linux-x86_64-fedora-gcc

mirror server hosted at Truenetwork, Russian Federation.