CRAN Package Check Results for Package DES

Last updated on 2025-05-28 06:51:24 CEST.

Flavor Version Tinstall Tcheck Ttotal Status Flags
r-devel-linux-x86_64-debian-clang 1.0.0 1.54 18.78 20.32 NOTE
r-devel-linux-x86_64-debian-gcc 1.0.0 1.37 15.66 17.03 NOTE
r-devel-linux-x86_64-fedora-clang 1.0.0 31.06 OK
r-devel-linux-x86_64-fedora-gcc 1.0.0 29.05 OK
r-devel-windows-x86_64 1.0.0 4.00 38.00 42.00 OK
r-patched-linux-x86_64 1.0.0 1.70 16.87 18.57 OK
r-release-linux-x86_64 1.0.0 1.69 16.88 18.57 OK
r-release-macos-arm64 1.0.0 16.00 OK
r-release-macos-x86_64 1.0.0 22.00 OK
r-release-windows-x86_64 1.0.0 2.00 38.00 40.00 OK
r-oldrel-macos-arm64 1.0.0 13.00 OK
r-oldrel-macos-x86_64 1.0.0 21.00 OK
r-oldrel-windows-x86_64 1.0.0 3.00 38.00 41.00 OK

Check Details

Version: 1.0.0
Check: CRAN incoming feasibility
Result: NOTE Maintainer: ‘Norm Matloff <normmatloff@gmail.com>’ No Authors@R field in DESCRIPTION. Please add one, modifying Authors@R: person(given = "Norm", family = "Matloff", role = c("aut", "cre"), email = "normmatloff@gmail.com") as necessary. Flavors: r-devel-linux-x86_64-debian-clang, r-devel-linux-x86_64-debian-gcc

mirror server hosted at Truenetwork, Russian Federation.