Last updated on 2025-05-24 06:51:05 CEST.
Flavor | Version | Tinstall | Tcheck | Ttotal | Status | Flags |
---|---|---|---|---|---|---|
r-devel-linux-x86_64-debian-clang | 0.2 | 2.36 | 18.63 | 20.99 | NOTE | |
r-devel-linux-x86_64-debian-gcc | 0.2 | 2.15 | 15.61 | 17.76 | NOTE | |
r-devel-linux-x86_64-fedora-clang | 0.2 | 33.57 | OK | |||
r-devel-linux-x86_64-fedora-gcc | 0.2 | 33.12 | OK | |||
r-devel-windows-x86_64 | 0.2 | 6.00 | 41.00 | 47.00 | OK | |
r-patched-linux-x86_64 | 0.2 | 2.33 | 18.23 | 20.56 | OK | |
r-release-linux-x86_64 | 0.2 | 2.17 | 18.17 | 20.34 | OK | |
r-release-macos-arm64 | 0.2 | 18.00 | OK | |||
r-release-macos-x86_64 | 0.2 | 26.00 | OK | |||
r-release-windows-x86_64 | 0.2 | 5.00 | 40.00 | 45.00 | OK | |
r-oldrel-macos-arm64 | 0.2 | 15.00 | OK | |||
r-oldrel-macos-x86_64 | 0.2 | 21.00 | OK | |||
r-oldrel-windows-x86_64 | 0.2 | 6.00 | 39.00 | 45.00 | OK |
Version: 0.2
Check: CRAN incoming feasibility
Result: NOTE
Maintainer: ‘Elodie Persyn <elodie.persyn@univ-nantes.fr>’
No Authors@R field in DESCRIPTION.
Please add one, modifying
Authors@R: person(given = "Elodie",
family = "Persyn",
role = c("aut", "cre"),
email = "elodie.persyn@univ-nantes.fr")
as necessary.
Flavors: r-devel-linux-x86_64-debian-clang, r-devel-linux-x86_64-debian-gcc