Last updated on 2025-05-26 00:48:30 CEST.
Flavor | Version | Tinstall | Tcheck | Ttotal | Status | Flags |
---|---|---|---|---|---|---|
r-devel-linux-x86_64-debian-clang | 1.0 | 1.90 | 40.89 | 42.79 | NOTE | |
r-devel-linux-x86_64-debian-gcc | 1.0 | 1.53 | 30.85 | 32.38 | NOTE | |
r-devel-linux-x86_64-fedora-clang | 1.0 | 72.24 | OK | |||
r-devel-linux-x86_64-fedora-gcc | 1.0 | 69.97 | OK | |||
r-devel-windows-x86_64 | 1.0 | 4.00 | 60.00 | 64.00 | OK | |
r-patched-linux-x86_64 | 1.0 | 2.06 | 38.37 | 40.43 | OK | |
r-release-linux-x86_64 | 1.0 | 1.99 | 39.98 | 41.97 | OK | |
r-release-macos-arm64 | 1.0 | 30.00 | OK | |||
r-release-macos-x86_64 | 1.0 | 41.00 | OK | |||
r-release-windows-x86_64 | 1.0 | 3.00 | 60.00 | 63.00 | OK | |
r-oldrel-macos-arm64 | 1.0 | 23.00 | OK | |||
r-oldrel-macos-x86_64 | 1.0 | 36.00 | OK | |||
r-oldrel-windows-x86_64 | 1.0 | 3.00 | 58.00 | 61.00 | OK |
Version: 1.0
Check: CRAN incoming feasibility
Result: NOTE
Maintainer: ‘Linsui Deng <denglinsui@gmail.com>’
No Authors@R field in DESCRIPTION.
Please add one, modifying
Authors@R: person(given = "Linsui",
family = "Deng",
role = c("aut", "cre"),
email = "denglinsui@gmail.com")
as necessary.
Flavors: r-devel-linux-x86_64-debian-clang, r-devel-linux-x86_64-debian-gcc