CRAN Package Check Results for Package EvCombR

Last updated on 2025-05-25 00:50:00 CEST.

Flavor Version Tinstall Tcheck Ttotal Status Flags
r-devel-linux-x86_64-debian-clang 0.1-4 2.75 25.18 27.93 NOTE
r-devel-linux-x86_64-debian-gcc 0.1-4 2.08 20.35 22.43 NOTE
r-devel-linux-x86_64-fedora-clang 0.1-4 43.52 OK
r-devel-linux-x86_64-fedora-gcc 0.1-4 43.87 OK
r-devel-windows-x86_64 0.1-4 5.00 52.00 57.00 OK
r-patched-linux-x86_64 0.1-4 3.50 23.45 26.95 OK
r-release-linux-x86_64 0.1-4 3.01 23.47 26.48 OK
r-release-macos-arm64 0.1-4 19.00 OK
r-release-macos-x86_64 0.1-4 28.00 OK
r-release-windows-x86_64 0.1-4 6.00 51.00 57.00 OK
r-oldrel-macos-arm64 0.1-4 16.00 OK
r-oldrel-macos-x86_64 0.1-4 25.00 OK
r-oldrel-windows-x86_64 0.1-4 5.00 50.00 55.00 OK

Check Details

Version: 0.1-4
Check: CRAN incoming feasibility
Result: NOTE Maintainer: ‘Alexander Karlsson <alexander.karlsson@his.se>’ No Authors@R field in DESCRIPTION. Please add one, modifying Authors@R: person(given = "Alexander", family = "Karlsson", role = c("aut", "cre"), email = "alexander.karlsson@his.se") as necessary. Package CITATION file contains call(s) to old-style personList() or as.personList(). Please use c() on person objects instead. Package CITATION file contains call(s) to old-style citEntry(). Please use bibentry() instead. Flavors: r-devel-linux-x86_64-debian-clang, r-devel-linux-x86_64-debian-gcc

mirror server hosted at Truenetwork, Russian Federation.