CRAN Package Check Results for Package ExtMallows

Last updated on 2025-05-17 18:49:34 CEST.

Flavor Version Tinstall Tcheck Ttotal Status Flags
r-devel-linux-x86_64-debian-clang 0.1.0 3.28 29.95 33.23 NOTE
r-devel-linux-x86_64-debian-gcc 0.1.0 2.22 22.56 24.78 NOTE
r-devel-linux-x86_64-fedora-clang 0.1.0 53.88 OK
r-devel-linux-x86_64-fedora-gcc 0.1.0 51.11 OK
r-devel-windows-x86_64 0.1.0 4.00 48.00 52.00 OK
r-patched-linux-x86_64 0.1.0 3.26 28.39 31.65 OK
r-release-linux-x86_64 0.1.0 2.98 28.82 31.80 OK
r-release-macos-arm64 0.1.0 20.00 OK
r-release-macos-x86_64 0.1.0 31.00 OK
r-release-windows-x86_64 0.1.0 6.00 48.00 54.00 OK
r-oldrel-macos-arm64 0.1.0 17.00 OK
r-oldrel-macos-x86_64 0.1.0 26.00 OK
r-oldrel-windows-x86_64 0.1.0 4.00 47.00 51.00 OK

Check Details

Version: 0.1.0
Check: CRAN incoming feasibility
Result: NOTE Maintainer: ‘Han Li <hli@szu.edu.cn>’ No Authors@R field in DESCRIPTION. Please add one, modifying Authors@R: c(person(given = "Han", family = "Li", role = c("aut", "cre"), email = "hli@szu.edu.cn"), person(given = "Minxuan", family = "Xu", role = "aut"), person(given = c("Jun", "S."), family = "Liu", role = "aut"), person(given = "Xiaodan", family = "Fan", role = "aut")) as necessary. Flavors: r-devel-linux-x86_64-debian-clang, r-devel-linux-x86_64-debian-gcc

mirror server hosted at Truenetwork, Russian Federation.