CRAN Package Check Results for Package FDRsampsize

Last updated on 2025-05-17 18:49:35 CEST.

Flavor Version Tinstall Tcheck Ttotal Status Flags
r-devel-linux-x86_64-debian-clang 1.0 1.99 21.03 23.02 NOTE
r-devel-linux-x86_64-debian-gcc 1.0 1.64 16.75 18.39 NOTE
r-devel-linux-x86_64-fedora-clang 1.0 36.76 OK
r-devel-linux-x86_64-fedora-gcc 1.0 34.69 OK
r-devel-windows-x86_64 1.0 3.00 46.00 49.00 OK
r-patched-linux-x86_64 1.0 2.46 20.39 22.85 OK
r-release-linux-x86_64 1.0 2.16 19.95 22.11 OK
r-release-macos-arm64 1.0 17.00 OK
r-release-macos-x86_64 1.0 28.00 OK
r-release-windows-x86_64 1.0 4.00 48.00 52.00 OK
r-oldrel-macos-arm64 1.0 16.00 OK
r-oldrel-macos-x86_64 1.0 26.00 OK
r-oldrel-windows-x86_64 1.0 3.00 44.00 47.00 OK

Check Details

Version: 1.0
Check: CRAN incoming feasibility
Result: NOTE Maintainer: ‘Stan Pounds <stanley.pounds@stjude.org>’ No Authors@R field in DESCRIPTION. Please add one, modifying Authors@R: person(given = "Stan", family = "Pounds", role = c("aut", "cre"), email = "stanley.pounds@stjude.org") as necessary. Flavors: r-devel-linux-x86_64-debian-clang, r-devel-linux-x86_64-debian-gcc

mirror server hosted at Truenetwork, Russian Federation.