Last updated on 2025-05-12 00:49:51 CEST.
Flavor | Version | Tinstall | Tcheck | Ttotal | Status | Flags |
---|---|---|---|---|---|---|
r-devel-linux-x86_64-debian-clang | 1.20 | 11.47 | 125.99 | 137.46 | NOTE | |
r-devel-linux-x86_64-debian-gcc | 1.20 | 9.37 | 88.91 | 98.28 | NOTE | |
r-devel-linux-x86_64-fedora-clang | 1.20 | 205.02 | OK | |||
r-devel-linux-x86_64-fedora-gcc | 1.20 | 216.84 | OK | |||
r-devel-windows-x86_64 | 1.20 | 14.00 | 139.00 | 153.00 | OK | |
r-patched-linux-x86_64 | 1.20 | 12.82 | 116.12 | 128.94 | OK | |
r-release-linux-x86_64 | 1.20 | 11.30 | 118.38 | 129.68 | OK | |
r-release-macos-arm64 | 1.20 | 66.00 | OK | |||
r-release-macos-x86_64 | 1.20 | 126.00 | OK | |||
r-release-windows-x86_64 | 1.20 | 14.00 | 140.00 | 154.00 | OK | |
r-oldrel-macos-arm64 | 1.20 | 61.00 | OK | |||
r-oldrel-macos-x86_64 | 1.20 | 99.00 | OK | |||
r-oldrel-windows-x86_64 | 1.20 | 19.00 | 167.00 | 186.00 | OK |
Version: 1.20
Check: CRAN incoming feasibility
Result: NOTE
Maintainer: ‘Habil Zare <zare@u.washington.edu>’
No Authors@R field in DESCRIPTION.
Please add one, modifying
Authors@R: person(given = "Habil",
family = "Zare",
role = c("aut", "cre"),
email = "zare@u.washington.edu")
as necessary.
Package CITATION file contains call(s) to old-style citEntry(). Please
use bibentry() instead.
Flavors: r-devel-linux-x86_64-debian-clang, r-devel-linux-x86_64-debian-gcc