Last updated on 2025-05-23 06:49:52 CEST.
Flavor | Version | Tinstall | Tcheck | Ttotal | Status | Flags |
---|---|---|---|---|---|---|
r-devel-linux-x86_64-debian-clang | 0.2.0 | 2.09 | 20.99 | 23.08 | NOTE | |
r-devel-linux-x86_64-debian-gcc | 0.2.0 | 1.50 | 16.04 | 17.54 | NOTE | |
r-devel-linux-x86_64-fedora-clang | 0.2.0 | 35.58 | OK | |||
r-devel-linux-x86_64-fedora-gcc | 0.2.0 | 34.25 | OK | |||
r-devel-windows-x86_64 | 0.2.0 | 4.00 | 40.00 | 44.00 | OK | |
r-patched-linux-x86_64 | 0.2.0 | 2.03 | 19.59 | 21.62 | OK | |
r-release-linux-x86_64 | 0.2.0 | 2.14 | 19.81 | 21.95 | OK | |
r-release-macos-arm64 | 0.2.0 | 16.00 | OK | |||
r-release-macos-x86_64 | 0.2.0 | 23.00 | OK | |||
r-release-windows-x86_64 | 0.2.0 | 3.00 | 39.00 | 42.00 | OK | |
r-oldrel-macos-arm64 | 0.2.0 | 15.00 | OK | |||
r-oldrel-macos-x86_64 | 0.2.0 | 19.00 | OK | |||
r-oldrel-windows-x86_64 | 0.2.0 | 3.00 | 39.00 | 42.00 | OK |
Version: 0.2.0
Check: CRAN incoming feasibility
Result: NOTE
Maintainer: ‘David Zarruk <davidzarruk@gmail.com>’
The Description field contains
<https://onlinelibrary.wiley.com/doi/abs/10.3982/ECTA10876>. By doing
Please use permanent DOI markup for linking to publications as in <doi:prefix/suffix>.
Flavors: r-devel-linux-x86_64-debian-clang, r-devel-linux-x86_64-debian-gcc