CRAN Package Check Results for Package IntegrateBs

Last updated on 2025-05-23 18:50:31 CEST.

Flavor Version Tinstall Tcheck Ttotal Status Flags
r-devel-linux-x86_64-debian-clang 0.1.0 1.58 15.81 17.39 OK
r-devel-linux-x86_64-debian-gcc 0.1.0 1.07 13.43 14.50 OK
r-devel-linux-x86_64-fedora-clang 0.1.0 26.81 OK
r-devel-linux-x86_64-fedora-gcc 0.1.0 26.11 OK
r-devel-windows-x86_64 0.1.0 2.00 35.00 37.00 OK
r-patched-linux-x86_64 0.1.0 1.49 15.48 16.97 OK
r-release-linux-x86_64 0.1.0 1.46 15.19 16.65 OK
r-release-macos-arm64 0.1.0 14.00 OK
r-release-macos-x86_64 0.1.0 25.00 OK
r-release-windows-x86_64 0.1.0 3.00 35.00 38.00 OK
r-oldrel-macos-arm64 0.1.0 13.00 NOTE
r-oldrel-macos-x86_64 0.1.0 19.00 NOTE
r-oldrel-windows-x86_64 0.1.0 3.00 34.00 37.00 NOTE

Check Details

Version: 0.1.0
Check: LazyData
Result: NOTE 'LazyData' is specified without a 'data' directory Flavors: r-oldrel-macos-arm64, r-oldrel-macos-x86_64, r-oldrel-windows-x86_64

mirror server hosted at Truenetwork, Russian Federation.