CRAN Package Check Results for Package LambertW

Last updated on 2025-05-29 18:50:23 CEST.

Flavor Version Tinstall Tcheck Ttotal Status Flags
r-devel-linux-x86_64-debian-clang 0.6.9-1 41.45 87.62 129.07 NOTE
r-devel-linux-x86_64-debian-gcc 0.6.9-1 29.66 61.78 91.44 NOTE
r-devel-linux-x86_64-fedora-clang 0.6.9-1 227.94 OK
r-devel-linux-x86_64-fedora-gcc 0.6.9-1 230.11 OK
r-devel-windows-x86_64 0.6.9-1 51.00 121.00 172.00 NOTE
r-patched-linux-x86_64 0.6.9-1 42.90 80.50 123.40 NOTE
r-release-linux-x86_64 0.6.9-1 39.35 81.54 120.89 NOTE
r-release-macos-arm64 0.6.9-1 82.00 OK
r-release-macos-x86_64 0.6.9-1 113.00 OK
r-release-windows-x86_64 0.6.9-1 50.00 116.00 166.00 NOTE
r-oldrel-macos-arm64 0.6.9-1 69.00 OK
r-oldrel-macos-x86_64 0.6.9-1 93.00 OK
r-oldrel-windows-x86_64 0.6.9-1 59.00 143.00 202.00 OK

Check Details

Version: 0.6.9-1
Check: Rd cross-references
Result: NOTE Found the following Rd file(s) with Rd \link{} targets missing package anchors: bootstrap.Rd: boot Please provide package anchors for all Rd \link{} targets not in the package itself and the base packages. Flavors: r-devel-linux-x86_64-debian-clang, r-devel-linux-x86_64-debian-gcc, r-devel-windows-x86_64, r-patched-linux-x86_64, r-release-linux-x86_64, r-release-windows-x86_64

mirror server hosted at Truenetwork, Russian Federation.