CRAN Package Check Results for Package LinearRegressionMDE

Last updated on 2025-05-11 12:50:23 CEST.

Flavor Version Tinstall Tcheck Ttotal Status Flags
r-devel-linux-x86_64-debian-clang 1.0 1.47 19.37 20.84 OK
r-devel-linux-x86_64-debian-gcc 1.0 1.24 15.11 16.35 OK
r-devel-linux-x86_64-fedora-clang 1.0 32.68 OK
r-devel-linux-x86_64-fedora-gcc 1.0 31.41 OK
r-devel-windows-x86_64 1.0 2.00 43.00 45.00 OK
r-patched-linux-x86_64 1.0 1.28 18.27 19.55 OK
r-release-linux-x86_64 1.0 1.54 18.26 19.80 OK
r-release-macos-arm64 1.0 13.00 OK
r-release-macos-x86_64 1.0 23.00 OK
r-release-windows-x86_64 1.0 3.00 36.00 39.00 OK
r-oldrel-macos-arm64 1.0 13.00 NOTE
r-oldrel-macos-x86_64 1.0 21.00 NOTE
r-oldrel-windows-x86_64 1.0 3.00 36.00 39.00 NOTE

Check Details

Version: 1.0
Check: LazyData
Result: NOTE 'LazyData' is specified without a 'data' directory Flavors: r-oldrel-macos-arm64, r-oldrel-macos-x86_64, r-oldrel-windows-x86_64

mirror server hosted at Truenetwork, Russian Federation.