CRAN Package Check Results for Package MGL

Last updated on 2025-05-28 06:51:31 CEST.

Flavor Version Tinstall Tcheck Ttotal Status Flags
r-devel-linux-x86_64-debian-clang 1.1 2.55 16.13 18.68 NOTE
r-devel-linux-x86_64-debian-gcc 1.1 1.95 13.39 15.34 NOTE
r-devel-linux-x86_64-fedora-clang 1.1 28.62 NOTE
r-devel-linux-x86_64-fedora-gcc 1.1 28.87 NOTE
r-devel-windows-x86_64 1.1 7.00 35.00 42.00 OK
r-patched-linux-x86_64 1.1 2.22 15.37 17.59 OK
r-release-linux-x86_64 1.1 2.00 15.35 17.35 OK
r-release-macos-arm64 1.1 20.00 OK
r-release-macos-x86_64 1.1 23.00 OK
r-release-windows-x86_64 1.1 4.00 36.00 40.00 OK
r-oldrel-macos-arm64 1.1 15.00 OK
r-oldrel-macos-x86_64 1.1 20.00 OK
r-oldrel-windows-x86_64 1.1 4.00 35.00 39.00 OK

Check Details

Version: 1.1
Check: CRAN incoming feasibility
Result: NOTE Maintainer: ‘Safiye Celik <safiye@cs.washington.edu>’ No Authors@R field in DESCRIPTION. Please add one, modifying Authors@R: person(given = "Safiye", family = "Celik", role = c("aut", "cre"), email = "safiye@cs.washington.edu") as necessary. Package CITATION file contains call(s) to old-style personList() or as.personList(). Please use c() on person objects instead. Package CITATION file contains call(s) to old-style citEntry(). Please use bibentry() instead. Flavors: r-devel-linux-x86_64-debian-clang, r-devel-linux-x86_64-debian-gcc

Version: 1.1
Check: compiled code
Result: NOTE File ‘MGL/libs/MGL.so’: Found no calls to: ‘R_registerRoutines’, ‘R_useDynamicSymbols’ It is good practice to register native routines and to disable symbol search. See ‘Writing portable packages’ in the ‘Writing R Extensions’ manual. Flavors: r-devel-linux-x86_64-fedora-clang, r-devel-linux-x86_64-fedora-gcc

mirror server hosted at Truenetwork, Russian Federation.