CRAN Package Check Results for Package MaxSkew

Last updated on 2025-05-25 00:50:07 CEST.

Flavor Version Tinstall Tcheck Ttotal Status Flags
r-devel-linux-x86_64-debian-clang 1.1 1.74 21.44 23.18 NOTE
r-devel-linux-x86_64-debian-gcc 1.1 1.38 16.53 17.91 NOTE
r-devel-linux-x86_64-fedora-clang 1.1 36.64 OK
r-devel-linux-x86_64-fedora-gcc 1.1 37.00 OK
r-devel-windows-x86_64 1.1 3.00 42.00 45.00 OK
r-patched-linux-x86_64 1.1 1.71 20.64 22.35 OK
r-release-linux-x86_64 1.1 1.69 20.85 22.54 OK
r-release-macos-arm64 1.1 16.00 OK
r-release-macos-x86_64 1.1 25.00 OK
r-release-windows-x86_64 1.1 4.00 42.00 46.00 OK
r-oldrel-macos-arm64 1.1 15.00 OK
r-oldrel-macos-x86_64 1.1 23.00 OK
r-oldrel-windows-x86_64 1.1 2.00 41.00 43.00 OK

Check Details

Version: 1.1
Check: CRAN incoming feasibility
Result: NOTE Maintainer: ‘Cinzia Franceschini <cinziafranceschini@msn.com>’ No Authors@R field in DESCRIPTION. Please add one, modifying Authors@R: c(person(given = "Cinzia", family = "Franceschini", role = c("aut", "cre"), email = "cinziafranceschini@msn.com"), person(given = "Nicola", family = "Loperfido", role = "aut")) as necessary. Flavors: r-devel-linux-x86_64-debian-clang, r-devel-linux-x86_64-debian-gcc

mirror server hosted at Truenetwork, Russian Federation.