CRAN Package Check Results for Package MultBiplotR

Last updated on 2025-05-29 18:50:26 CEST.

Flavor Version Tinstall Tcheck Ttotal Status Flags
r-devel-linux-x86_64-debian-clang 23.11.0 39.71 240.25 279.96 NOTE
r-devel-linux-x86_64-debian-gcc 23.11.0 26.02 159.47 185.49 NOTE
r-devel-linux-x86_64-fedora-clang 23.11.0 475.02 OK
r-devel-linux-x86_64-fedora-gcc 23.11.0 446.41 OK
r-devel-windows-x86_64 23.11.0 42.00 276.00 318.00 NOTE
r-patched-linux-x86_64 23.11.0 42.99 230.42 273.41 NOTE
r-release-linux-x86_64 23.11.0 40.72 225.79 266.51 NOTE
r-release-macos-arm64 23.11.0 96.00 OK
r-release-macos-x86_64 23.11.0 198.00 OK
r-release-windows-x86_64 23.11.0 44.00 281.00 325.00 NOTE
r-oldrel-macos-arm64 23.11.0 96.00 OK
r-oldrel-macos-x86_64 23.11.0 145.00 OK
r-oldrel-windows-x86_64 23.11.0 59.00 355.00 414.00 OK

Check Details

Version: 23.11.0
Check: CRAN incoming feasibility
Result: NOTE Maintainer: ‘Jose Luis Vicente Villardon <villardon@usal.es>’ No Authors@R field in DESCRIPTION. Please add one, modifying Authors@R: c(person(given = c("Jose", "Luis"), family = "Vicente-Villardon", role = "aut"), person(given = "Laura", family = "Vicente-Gonzalez", role = "aut"), person(given = "Elisa", family = "Frutos-Bernal", role = "aut"), person(given = c("Jose", "Luis", "Vicente"), family = "Villardon", role = "cre", email = "villardon@usal.es")) as necessary. Flavors: r-devel-linux-x86_64-debian-clang, r-devel-linux-x86_64-debian-gcc

Version: 23.11.0
Check: Rd cross-references
Result: NOTE Found the following Rd file(s) with Rd \link{} targets missing package anchors: PolyOrdinalLogBiplot.Rd: fa, principal Please provide package anchors for all Rd \link{} targets not in the package itself and the base packages. Flavors: r-devel-linux-x86_64-debian-clang, r-devel-linux-x86_64-debian-gcc, r-devel-windows-x86_64, r-patched-linux-x86_64, r-release-linux-x86_64, r-release-windows-x86_64

mirror server hosted at Truenetwork, Russian Federation.