CRAN Package Check Results for Package OscillatorGenerator

Last updated on 2025-05-16 00:50:29 CEST.

Flavor Version Tinstall Tcheck Ttotal Status Flags
r-devel-linux-x86_64-debian-clang 0.1.0 3.14 24.67 27.81 OK
r-devel-linux-x86_64-debian-gcc 0.1.0 2.14 17.95 20.09 OK
r-devel-linux-x86_64-fedora-clang 0.1.0 42.88 OK
r-devel-linux-x86_64-fedora-gcc 0.1.0 41.12 OK
r-devel-windows-x86_64 0.1.0 3.00 40.00 43.00 OK
r-patched-linux-x86_64 0.1.0 3.31 23.47 26.78 OK
r-release-linux-x86_64 0.1.0 2.87 23.40 26.27 OK
r-release-macos-arm64 0.1.0 18.00 OK
r-release-macos-x86_64 0.1.0 25.00 OK
r-release-windows-x86_64 0.1.0 4.00 41.00 45.00 OK
r-oldrel-macos-arm64 0.1.0 17.00 NOTE
r-oldrel-macos-x86_64 0.1.0 21.00 NOTE
r-oldrel-windows-x86_64 0.1.0 4.00 41.00 45.00 NOTE

Check Details

Version: 0.1.0
Check: LazyData
Result: NOTE 'LazyData' is specified without a 'data' directory Flavors: r-oldrel-macos-arm64, r-oldrel-macos-x86_64, r-oldrel-windows-x86_64

mirror server hosted at Truenetwork, Russian Federation.