CRAN Package Check Results for Package OxyBS

Last updated on 2025-05-28 12:49:41 CEST.

Flavor Version Tinstall Tcheck Ttotal Status Flags
r-devel-linux-x86_64-debian-clang 1.5 1.61 18.12 19.73 NOTE
r-devel-linux-x86_64-debian-gcc 1.5 1.40 14.72 16.12 NOTE
r-devel-linux-x86_64-fedora-clang 1.5 30.61 OK
r-devel-linux-x86_64-fedora-gcc 1.5 30.23 OK
r-devel-windows-x86_64 1.5 3.00 37.00 40.00 OK
r-patched-linux-x86_64 1.5 1.76 17.58 19.34 OK
r-release-linux-x86_64 1.5 1.71 17.39 19.10 OK
r-release-macos-arm64 1.5 14.00 OK
r-release-macos-x86_64 1.5 21.00 OK
r-release-windows-x86_64 1.5 3.00 37.00 40.00 OK
r-oldrel-macos-arm64 1.5 13.00 OK
r-oldrel-macos-x86_64 1.5 18.00 OK
r-oldrel-windows-x86_64 1.5 2.00 36.00 38.00 OK

Check Details

Version: 1.5
Check: CRAN incoming feasibility
Result: NOTE Maintainer: ‘E. Andres Houseman <eahouseman@gmail.com>’ No Authors@R field in DESCRIPTION. Please add one, modifying Authors@R: c(person(given = c("E.", "Andres"), family = "Houseman", role = c("aut", "cre"), email = "eahouseman@gmail.com"), person(family = "Sc.D.", role = "aut"), person(given = c("Kevin", "C."), family = "Johnson", role = "aut")) as necessary. Flavors: r-devel-linux-x86_64-debian-clang, r-devel-linux-x86_64-debian-gcc

mirror server hosted at Truenetwork, Russian Federation.