Last updated on 2025-05-29 18:50:28 CEST.
Flavor | Version | Tinstall | Tcheck | Ttotal | Status | Flags |
---|---|---|---|---|---|---|
r-devel-linux-x86_64-debian-clang | 1.2.2 | 161.85 | 724.98 | 886.83 | OK | |
r-devel-linux-x86_64-debian-gcc | 1.2.2 | 123.03 | 443.76 | 566.79 | OK | |
r-devel-linux-x86_64-fedora-clang | 1.2.2 | 1536.06 | OK | |||
r-devel-linux-x86_64-fedora-gcc | 1.2.2 | 1564.64 | OK | |||
r-devel-windows-x86_64 | 1.2.2 | 190.00 | 659.00 | 849.00 | OK | |
r-patched-linux-x86_64 | 1.2.2 | 176.12 | 680.71 | 856.83 | OK | |
r-release-linux-x86_64 | 1.2.2 | 168.57 | 680.78 | 849.35 | OK | |
r-release-macos-arm64 | 1.2.2 | 274.00 | OK | |||
r-release-macos-x86_64 | 1.2.2 | 385.00 | OK | |||
r-release-windows-x86_64 | 1.2.2 | 195.00 | 658.00 | 853.00 | OK | |
r-oldrel-macos-arm64 | 1.2.2 | 238.00 | NOTE | |||
r-oldrel-macos-x86_64 | 1.2.2 | 353.00 | NOTE | |||
r-oldrel-windows-x86_64 | 1.2.2 | 228.00 | 898.00 | 1126.00 | NOTE |
Version: 1.2.2
Check: installed package size
Result: NOTE
installed size is 18.5Mb
sub-directories of 1Mb or more:
data 1.4Mb
doc 2.4Mb
libs 12.9Mb
Flavors: r-oldrel-macos-arm64, r-oldrel-macos-x86_64, r-oldrel-windows-x86_64