Last updated on 2025-05-16 00:50:29 CEST.
Flavor | Version | Tinstall | Tcheck | Ttotal | Status | Flags |
---|---|---|---|---|---|---|
r-devel-linux-x86_64-debian-clang | 0.1.0 | 1.55 | 18.30 | 19.85 | NOTE | |
r-devel-linux-x86_64-debian-gcc | 0.1.0 | 1.31 | 14.53 | 15.84 | NOTE | |
r-devel-linux-x86_64-fedora-clang | 0.1.0 | 32.15 | OK | |||
r-devel-linux-x86_64-fedora-gcc | 0.1.0 | 28.94 | OK | |||
r-devel-windows-x86_64 | 0.1.0 | 2.00 | 35.00 | 37.00 | OK | |
r-patched-linux-x86_64 | 0.1.0 | 1.66 | 17.14 | 18.80 | OK | |
r-release-linux-x86_64 | 0.1.0 | 1.44 | 17.14 | 18.58 | OK | |
r-release-macos-arm64 | 0.1.0 | 14.00 | OK | |||
r-release-macos-x86_64 | 0.1.0 | 23.00 | OK | |||
r-release-windows-x86_64 | 0.1.0 | 3.00 | 35.00 | 38.00 | OK | |
r-oldrel-macos-arm64 | 0.1.0 | 14.00 | OK | |||
r-oldrel-macos-x86_64 | 0.1.0 | 19.00 | OK | |||
r-oldrel-windows-x86_64 | 0.1.0 | 2.00 | 35.00 | 37.00 | OK |
Version: 0.1.0
Check: CRAN incoming feasibility
Result: NOTE
Maintainer: ‘Osama Abdalla <osama.abdalla@mail.utoronto.ca>’
No Authors@R field in DESCRIPTION.
Please add one, modifying
Authors@R: person(given = "Osama",
family = "Abdalla",
role = c("aut", "cre"),
email = "osama.abdalla@mail.utoronto.ca")
as necessary.
Flavors: r-devel-linux-x86_64-debian-clang, r-devel-linux-x86_64-debian-gcc