Last updated on 2025-05-22 18:52:15 CEST.
Flavor | Version | Tinstall | Tcheck | Ttotal | Status | Flags |
---|---|---|---|---|---|---|
r-devel-linux-x86_64-debian-clang | 1.1.2 | 1.86 | 25.45 | 27.31 | NOTE | |
r-devel-linux-x86_64-debian-gcc | 1.1.2 | 1.42 | 19.35 | 20.77 | NOTE | |
r-devel-linux-x86_64-fedora-clang | 1.1.2 | 42.83 | OK | |||
r-devel-linux-x86_64-fedora-gcc | 1.1.2 | 40.11 | OK | |||
r-devel-windows-x86_64 | 1.1.2 | 2.00 | 47.00 | 49.00 | OK | |
r-patched-linux-x86_64 | 1.1.2 | 1.81 | 24.11 | 25.92 | OK | |
r-release-linux-x86_64 | 1.1.2 | 1.78 | 24.16 | 25.94 | OK | |
r-release-macos-arm64 | 1.1.2 | 19.00 | OK | |||
r-release-macos-x86_64 | 1.1.2 | 30.00 | OK | |||
r-release-windows-x86_64 | 1.1.2 | 4.00 | 47.00 | 51.00 | OK | |
r-oldrel-macos-arm64 | 1.1.2 | 18.00 | OK | |||
r-oldrel-macos-x86_64 | 1.1.2 | 24.00 | OK | |||
r-oldrel-windows-x86_64 | 1.1.2 | 3.00 | 48.00 | 51.00 | OK |
Version: 1.1.2
Check: CRAN incoming feasibility
Result: NOTE
Maintainer: ‘Travis Loux <travis.loux@slu.edu>’
No Authors@R field in DESCRIPTION.
Please add one, modifying
Authors@R: person(given = "Travis",
family = "Loux",
role = c("aut", "cre"),
email = "travis.loux@slu.edu")
as necessary.
Flavors: r-devel-linux-x86_64-debian-clang, r-devel-linux-x86_64-debian-gcc