Last updated on 2025-05-28 00:49:10 CEST.
Flavor | Version | Tinstall | Tcheck | Ttotal | Status | Flags |
---|---|---|---|---|---|---|
r-devel-linux-x86_64-debian-clang | 1.0.1 | 5.45 | 37.00 | 42.45 | OK | |
r-devel-linux-x86_64-debian-gcc | 1.0.1 | 3.67 | 26.63 | 30.30 | OK | |
r-devel-linux-x86_64-fedora-clang | 1.0.1 | 67.29 | OK | |||
r-devel-linux-x86_64-fedora-gcc | 1.0.1 | 68.43 | OK | |||
r-devel-windows-x86_64 | 1.0.1 | 6.00 | 64.00 | 70.00 | OK | |
r-patched-linux-x86_64 | 1.0.1 | 6.55 | 34.86 | 41.41 | OK | |
r-release-linux-x86_64 | 1.0.1 | 4.65 | 34.88 | 39.53 | OK | |
r-release-macos-arm64 | 1.0.1 | 31.00 | OK | |||
r-release-macos-x86_64 | 1.0.1 | 59.00 | OK | |||
r-release-windows-x86_64 | 1.0.1 | 7.00 | 65.00 | 72.00 | OK | |
r-oldrel-macos-arm64 | 1.0.1 | 24.00 | NOTE | |||
r-oldrel-macos-x86_64 | 1.0.1 | 50.00 | NOTE | |||
r-oldrel-windows-x86_64 | 1.0.1 | 6.00 | 62.00 | 68.00 | NOTE |
Version: 1.0.1
Check: LazyData
Result: NOTE
'LazyData' is specified without a 'data' directory
Flavors: r-oldrel-macos-arm64, r-oldrel-macos-x86_64, r-oldrel-windows-x86_64