Last updated on 2025-05-29 18:50:29 CEST.
Flavor | Version | Tinstall | Tcheck | Ttotal | Status | Flags |
---|---|---|---|---|---|---|
r-devel-linux-x86_64-debian-clang | 0.5.1 | 5.13 | 45.05 | 50.18 | NOTE | |
r-devel-linux-x86_64-debian-gcc | 0.5.1 | 4.26 | 32.43 | 36.69 | NOTE | |
r-devel-linux-x86_64-fedora-clang | 0.5.1 | 79.96 | OK | |||
r-devel-linux-x86_64-fedora-gcc | 0.5.1 | 80.37 | OK | |||
r-devel-windows-x86_64 | 0.5.1 | 6.00 | 63.00 | 69.00 | OK | |
r-patched-linux-x86_64 | 0.5.1 | 5.78 | 43.19 | 48.97 | OK | |
r-release-linux-x86_64 | 0.5.1 | 4.27 | 42.89 | 47.16 | OK | |
r-release-macos-arm64 | 0.5.1 | 26.00 | OK | |||
r-release-macos-x86_64 | 0.5.1 | 48.00 | OK | |||
r-release-windows-x86_64 | 0.5.1 | 5.00 | 80.00 | 85.00 | OK | |
r-oldrel-macos-arm64 | 0.5.1 | 29.00 | OK | |||
r-oldrel-macos-x86_64 | 0.5.1 | 38.00 | OK | |||
r-oldrel-windows-x86_64 | 0.5.1 | 6.00 | 76.00 | 82.00 | OK |
Version: 0.5.1
Check: CRAN incoming feasibility
Result: NOTE
Maintainer: ‘Zhiyong Zhang <zzhang4@nd.edu>’
No Authors@R field in DESCRIPTION.
Please add one, modifying
Authors@R: c(person(given = "Zhiyong",
family = "Zhang",
role = c("aut", "cre"),
email = "zzhang4@nd.edu"),
person(given = "Jack",
family = "McArdle",
role = "aut"),
person(given = "Aki",
family = "Hamagami",
role = "aut"),
person(given = c("&", "Kevin"),
family = "Grimm",
role = "aut"))
as necessary.
Flavors: r-devel-linux-x86_64-debian-clang, r-devel-linux-x86_64-debian-gcc