CRAN Package Check Results for Package RLeafAngle

Last updated on 2025-05-22 18:52:17 CEST.

Flavor Version Tinstall Tcheck Ttotal Status Flags
r-devel-linux-x86_64-debian-clang 1.0 2.55 23.99 26.54 NOTE
r-devel-linux-x86_64-debian-gcc 1.0 1.98 18.57 20.55 NOTE
r-devel-linux-x86_64-fedora-clang 1.0 41.00 OK
r-devel-linux-x86_64-fedora-gcc 1.0 39.60 OK
r-devel-windows-x86_64 1.0 3.00 49.00 52.00 OK
r-patched-linux-x86_64 1.0 2.71 22.84 25.55 OK
r-release-linux-x86_64 1.0 2.64 22.43 25.07 OK
r-release-macos-arm64 1.0 18.00 OK
r-release-macos-x86_64 1.0 34.00 OK
r-release-windows-x86_64 1.0 4.00 48.00 52.00 OK
r-oldrel-macos-arm64 1.0 16.00 OK
r-oldrel-macos-x86_64 1.0 37.00 OK
r-oldrel-windows-x86_64 1.0 3.00 48.00 51.00 OK

Check Details

Version: 1.0
Check: CRAN incoming feasibility
Result: NOTE Maintainer: ‘Wei-Min Wang <wmwang@gmail.com>’ No Authors@R field in DESCRIPTION. Please add one, modifying Authors@R: person(given = "Wei-Min", family = "Wang", role = c("aut", "cre"), email = "wmwang@gmail.com") as necessary. Flavors: r-devel-linux-x86_64-debian-clang, r-devel-linux-x86_64-debian-gcc

mirror server hosted at Truenetwork, Russian Federation.