Last updated on 2025-05-29 18:50:30 CEST.
Flavor | Version | Tinstall | Tcheck | Ttotal | Status | Flags |
---|---|---|---|---|---|---|
r-devel-linux-x86_64-debian-clang | 0.2.4 | 29.35 | 67.75 | 97.10 | OK | |
r-devel-linux-x86_64-debian-gcc | 0.2.4 | 22.07 | 48.66 | 70.73 | OK | |
r-devel-linux-x86_64-fedora-clang | 0.2.4 | 156.59 | OK | |||
r-devel-linux-x86_64-fedora-gcc | 0.2.4 | 168.90 | OK | |||
r-devel-windows-x86_64 | 0.2.4 | 51.00 | 117.00 | 168.00 | OK | |
r-patched-linux-x86_64 | 0.2.4 | 32.92 | 61.32 | 94.24 | OK | |
r-release-linux-x86_64 | 0.2.4 | 30.62 | 61.60 | 92.22 | OK | |
r-release-macos-arm64 | 0.2.4 | 61.00 | OK | |||
r-release-macos-x86_64 | 0.2.4 | 138.00 | OK | |||
r-release-windows-x86_64 | 0.2.4 | 51.00 | 132.00 | 183.00 | OK | |
r-oldrel-macos-arm64 | 0.2.4 | 61.00 | NOTE | |||
r-oldrel-macos-x86_64 | 0.2.4 | 122.00 | NOTE | |||
r-oldrel-windows-x86_64 | 0.2.4 | 53.00 | 135.00 | 188.00 | NOTE |
Version: 0.2.4
Check: installed package size
Result: NOTE
installed size is 9.8Mb
sub-directories of 1Mb or more:
include 6.7Mb
libs 2.7Mb
Flavors: r-oldrel-macos-arm64, r-oldrel-macos-x86_64, r-oldrel-windows-x86_64