CRAN Package Check Results for Package RcppQuantuccia

Last updated on 2025-05-29 18:50:30 CEST.

Flavor Version Tinstall Tcheck Ttotal Status Flags
r-devel-linux-x86_64-debian-clang 0.1.2 158.46 26.70 185.16 NOTE
r-devel-linux-x86_64-debian-gcc 0.1.2 104.62 21.22 125.84 NOTE
r-devel-linux-x86_64-fedora-clang 0.1.2 423.99 OK
r-devel-linux-x86_64-fedora-gcc 0.1.2 311.80 OK
r-devel-windows-x86_64 0.1.2 202.00 87.00 289.00 OK
r-patched-linux-x86_64 0.1.2 153.16 23.99 177.15 OK
r-release-linux-x86_64 0.1.2 151.87 24.08 175.95 OK
r-release-macos-arm64 0.1.2 64.00 OK
r-release-macos-x86_64 0.1.2 76.00 OK
r-release-windows-x86_64 0.1.2 198.00 92.00 290.00 OK
r-oldrel-macos-arm64 0.1.2 62.00 NOTE
r-oldrel-macos-x86_64 0.1.2 70.00 NOTE
r-oldrel-windows-x86_64 0.1.2 185.00 92.00 277.00 OK

Check Details

Version: 0.1.2
Check: CRAN incoming feasibility
Result: NOTE Maintainer: ‘Dirk Eddelbuettel <edd@debian.org>’ No Authors@R field in DESCRIPTION. Please add one, modifying Authors@R: c(person(given = c("Dirk", "Eddelbuettel;", "the"), family = "authors", role = "aut"), person(given = c("contributors", "of"), family = "QuantLib", role = "aut"), person(given = "Dirk", family = "Eddelbuettel", role = "cre", email = "edd@debian.org")) as necessary. Flavors: r-devel-linux-x86_64-debian-clang, r-devel-linux-x86_64-debian-gcc

Version: 0.1.2
Check: installed package size
Result: NOTE installed size is 8.4Mb sub-directories of 1Mb or more: libs 8.3Mb Flavors: r-oldrel-macos-arm64, r-oldrel-macos-x86_64

mirror server hosted at Truenetwork, Russian Federation.