Last updated on 2025-05-29 12:48:45 CEST.
Flavor | Version | Tinstall | Tcheck | Ttotal | Status | Flags |
---|---|---|---|---|---|---|
r-devel-linux-x86_64-debian-clang | 7.1.6 | 10.83 | 35.17 | 46.00 | NOTE | |
r-devel-linux-x86_64-debian-gcc | 7.1.6 | 7.47 | 30.59 | 38.06 | NOTE | |
r-devel-linux-x86_64-fedora-clang | 7.1.6 | 85.57 | NOTE | |||
r-devel-linux-x86_64-fedora-gcc | 7.1.6 | 71.98 | NOTE | |||
r-devel-windows-x86_64 | 7.1.6 | 20.00 | 75.00 | 95.00 | NOTE | |
r-patched-linux-x86_64 | 7.1.6 | 10.85 | 32.23 | 43.08 | NOTE | |
r-release-linux-x86_64 | 7.1.6 | 10.58 | 32.01 | 42.59 | NOTE | |
r-release-macos-arm64 | 7.1.6 | 23.00 | NOTE | |||
r-release-macos-x86_64 | 7.1.6 | 60.00 | NOTE | |||
r-release-windows-x86_64 | 7.1.6 | 17.00 | 79.00 | 96.00 | NOTE | |
r-oldrel-macos-arm64 | 7.1.6 | 22.00 | NOTE | |||
r-oldrel-macos-x86_64 | 7.1.6 | 39.00 | NOTE | |||
r-oldrel-windows-x86_64 | 7.1.6 | 15.00 | 83.00 | 98.00 | NOTE |
Version: 7.1.6
Check: CRAN incoming feasibility
Result: NOTE
Maintainer: ‘Marc A. Suchard <msuchard@ucla.edu>’
Package CITATION file contains call(s) to old-style citEntry(). Please
use bibentry() instead.
Flavors: r-devel-linux-x86_64-debian-clang, r-devel-linux-x86_64-debian-gcc
Version: 7.1.6
Check: C++ specification
Result: NOTE
Specified C++14: please drop specification unless essential
Flavors: r-devel-linux-x86_64-debian-clang, r-devel-linux-x86_64-debian-gcc, r-devel-linux-x86_64-fedora-clang, r-devel-linux-x86_64-fedora-gcc, r-devel-windows-x86_64, r-patched-linux-x86_64, r-release-linux-x86_64, r-release-macos-arm64, r-release-macos-x86_64, r-release-windows-x86_64, r-oldrel-macos-arm64, r-oldrel-macos-x86_64, r-oldrel-windows-x86_64