Last updated on 2025-05-22 06:51:58 CEST.
Flavor | Version | Tinstall | Tcheck | Ttotal | Status | Flags |
---|---|---|---|---|---|---|
r-devel-linux-x86_64-debian-clang | 2.1 | 2.99 | 39.52 | 42.51 | NOTE | |
r-devel-linux-x86_64-debian-gcc | 2.1 | 2.16 | 26.76 | 28.92 | NOTE | |
r-devel-linux-x86_64-fedora-clang | 2.1 | 68.19 | OK | |||
r-devel-linux-x86_64-fedora-gcc | 2.1 | 67.04 | OK | |||
r-devel-windows-x86_64 | 2.1 | 4.00 | 56.00 | 60.00 | OK | |
r-patched-linux-x86_64 | 2.1 | 3.28 | 36.93 | 40.21 | OK | |
r-release-linux-x86_64 | 2.1 | 2.89 | 37.12 | 40.01 | OK | |
r-release-macos-arm64 | 2.1 | 22.00 | OK | |||
r-release-macos-x86_64 | 2.1 | 39.00 | OK | |||
r-release-windows-x86_64 | 2.1 | 4.00 | 55.00 | 59.00 | OK | |
r-oldrel-macos-arm64 | 2.1 | 20.00 | OK | |||
r-oldrel-macos-x86_64 | 2.1 | 39.00 | OK | |||
r-oldrel-windows-x86_64 | 2.1 | 4.00 | 52.00 | 56.00 | OK |
Version: 2.1
Check: CRAN incoming feasibility
Result: NOTE
Maintainer: ‘Asun Lubiano <lubiano@uniovi.es>’
No Authors@R field in DESCRIPTION.
Please add one, modifying
Authors@R: c(person(given = "Wolfgang",
family = "Trutschnig",
role = "aut",
email = "wolfgang@trutschnig.net"),
person(given = "Asun",
family = "Lubiano",
role = c("aut", "cre"),
email = "lubiano@uniovi.es"))
as necessary.
Flavors: r-devel-linux-x86_64-debian-clang, r-devel-linux-x86_64-debian-gcc