CRAN Package Check Results for Package SAutomata

Last updated on 2025-05-21 00:51:47 CEST.

Flavor Version Tinstall Tcheck Ttotal Status Flags
r-devel-linux-x86_64-debian-clang 0.1.0 2.09 25.26 27.35 OK
r-devel-linux-x86_64-debian-gcc 0.1.0 1.62 18.46 20.08 OK
r-devel-linux-x86_64-fedora-clang 0.1.0 45.48 OK
r-devel-linux-x86_64-fedora-gcc 0.1.0 43.92 OK
r-devel-windows-x86_64 0.1.0 3.00 44.00 47.00 OK
r-patched-linux-x86_64 0.1.0 2.26 24.12 26.38 OK
r-release-linux-x86_64 0.1.0 1.98 24.41 26.39 OK
r-release-macos-arm64 0.1.0 17.00 OK
r-release-macos-x86_64 0.1.0 31.00 OK
r-release-windows-x86_64 0.1.0 3.00 43.00 46.00 OK
r-oldrel-macos-arm64 0.1.0 15.00 NOTE
r-oldrel-macos-x86_64 0.1.0 24.00 NOTE
r-oldrel-windows-x86_64 0.1.0 3.00 42.00 45.00 NOTE

Check Details

Version: 0.1.0
Check: LazyData
Result: NOTE 'LazyData' is specified without a 'data' directory Flavors: r-oldrel-macos-arm64, r-oldrel-macos-x86_64, r-oldrel-windows-x86_64

mirror server hosted at Truenetwork, Russian Federation.