Last updated on 2025-05-24 00:50:33 CEST.
Flavor | Version | Tinstall | Tcheck | Ttotal | Status | Flags |
---|---|---|---|---|---|---|
r-devel-linux-x86_64-debian-clang | 1.0.0 | 2.32 | 32.56 | 34.88 | NOTE | |
r-devel-linux-x86_64-debian-gcc | 1.0.0 | 1.83 | 23.44 | 25.27 | NOTE | |
r-devel-linux-x86_64-fedora-clang | 1.0.0 | 56.28 | OK | |||
r-devel-linux-x86_64-fedora-gcc | 1.0.0 | 52.83 | OK | |||
r-devel-windows-x86_64 | 1.0.0 | 4.00 | 212.00 | 216.00 | OK | |
r-patched-linux-x86_64 | 1.0.0 | 2.44 | 31.61 | 34.05 | OK | |
r-release-linux-x86_64 | 1.0.0 | 2.15 | 31.28 | 33.43 | OK | |
r-release-macos-arm64 | 1.0.0 | 21.00 | OK | |||
r-release-macos-x86_64 | 1.0.0 | 34.00 | OK | |||
r-release-windows-x86_64 | 1.0.0 | 4.00 | 242.00 | 246.00 | OK | |
r-oldrel-macos-arm64 | 1.0.0 | 20.00 | OK | |||
r-oldrel-macos-x86_64 | 1.0.0 | 27.00 | OK | |||
r-oldrel-windows-x86_64 | 1.0.0 | 4.00 | 141.00 | 145.00 | OK |
Version: 1.0.0
Check: CRAN incoming feasibility
Result: NOTE
Maintainer: ‘Alessio Locallo <alessio.locallo@gmail.com>’
No Authors@R field in DESCRIPTION.
Please add one, modifying
Authors@R: c(person(given = "Alessio",
family = "Locallo",
role = c("aut", "cre"),
email = "alessio.locallo@gmail.com"),
person(given = "Davide",
family = "Prandi",
role = "aut",
email = "davide.prandi@unitn.it"),
person(given = "Francesca",
family = "Demichelis",
role = "aut",
email = "f.demichelis@unitn.it"))
as necessary.
Flavors: r-devel-linux-x86_64-debian-clang, r-devel-linux-x86_64-debian-gcc