Last updated on 2025-05-24 12:49:33 CEST.
Flavor | Version | Tinstall | Tcheck | Ttotal | Status | Flags |
---|---|---|---|---|---|---|
r-devel-linux-x86_64-debian-clang | 1.0.0 | 2.44 | 19.66 | 22.10 | NOTE | |
r-devel-linux-x86_64-debian-gcc | 1.0.0 | 1.91 | 15.29 | 17.20 | NOTE | |
r-devel-linux-x86_64-fedora-clang | 1.0.0 | 34.67 | OK | |||
r-devel-linux-x86_64-fedora-gcc | 1.0.0 | 32.76 | OK | |||
r-devel-windows-x86_64 | 1.0.0 | 4.00 | 36.00 | 40.00 | OK | |
r-patched-linux-x86_64 | 1.0.0 | 2.56 | 18.84 | 21.40 | OK | |
r-release-linux-x86_64 | 1.0.0 | 2.33 | 19.26 | 21.59 | OK | |
r-release-macos-arm64 | 1.0.0 | 16.00 | OK | |||
r-release-macos-x86_64 | 1.0.0 | 26.00 | OK | |||
r-release-windows-x86_64 | 1.0.0 | 6.00 | 37.00 | 43.00 | OK | |
r-oldrel-macos-arm64 | 1.0.0 | 15.00 | NOTE | |||
r-oldrel-macos-x86_64 | 1.0.0 | 21.00 | NOTE | |||
r-oldrel-windows-x86_64 | 1.0.0 | 3.00 | 79.00 | 82.00 | NOTE |
Version: 1.0.0
Check: CRAN incoming feasibility
Result: NOTE
Maintainer: ‘Eraldo B. dos Anjos Filho <ebdaf1@de.ufpe.br>’
No Authors@R field in DESCRIPTION.
Please add one, modifying
Authors@R: c(person(given = c("Eraldo", "B.", "dos", "Anjos"),
family = "Filho",
role = c("aut", "cre"),
email = "ebdaf1@de.ufpe.br"),
person(given = c("Aldo", "William", "Medina"),
family = "Garay",
role = "aut",
email = "agaray@de.ufpe.br"))
as necessary.
Flavors: r-devel-linux-x86_64-debian-clang, r-devel-linux-x86_64-debian-gcc
Version: 1.0.0
Check: LazyData
Result: NOTE
'LazyData' is specified without a 'data' directory
Flavors: r-oldrel-macos-arm64, r-oldrel-macos-x86_64, r-oldrel-windows-x86_64