CRAN Package Check Results for Package TSeriesMMA

Last updated on 2025-05-21 18:50:09 CEST.

Flavor Version Tinstall Tcheck Ttotal Status Flags
r-devel-linux-x86_64-debian-clang 0.1.1 1.64 16.40 18.04 OK
r-devel-linux-x86_64-debian-gcc 0.1.1 1.54 13.91 15.45 OK
r-devel-linux-x86_64-fedora-clang 0.1.1 28.27 OK
r-devel-linux-x86_64-fedora-gcc 0.1.1 26.61 OK
r-devel-windows-x86_64 0.1.1 3.00 35.00 38.00 OK
r-patched-linux-x86_64 0.1.1 1.68 16.07 17.75 OK
r-release-linux-x86_64 0.1.1 1.50 15.88 17.38 OK
r-release-macos-arm64 0.1.1 13.00 OK
r-release-macos-x86_64 0.1.1 20.00 OK
r-release-windows-x86_64 0.1.1 4.00 35.00 39.00 OK
r-oldrel-macos-arm64 0.1.1 13.00 NOTE
r-oldrel-macos-x86_64 0.1.1 18.00 NOTE
r-oldrel-windows-x86_64 0.1.1 2.00 36.00 38.00 NOTE

Check Details

Version: 0.1.1
Check: LazyData
Result: NOTE 'LazyData' is specified without a 'data' directory Flavors: r-oldrel-macos-arm64, r-oldrel-macos-x86_64, r-oldrel-windows-x86_64

mirror server hosted at Truenetwork, Russian Federation.