CRAN Package Check Results for Package VIMean

Last updated on 2025-05-23 18:50:43 CEST.

Flavor Version Tinstall Tcheck Ttotal Status Flags
r-devel-linux-x86_64-debian-clang 0.1.0 1.55 15.71 17.26 NOTE
r-devel-linux-x86_64-debian-gcc 0.1.0 1.33 13.40 14.73 NOTE
r-devel-linux-x86_64-fedora-clang 0.1.0 27.53 OK
r-devel-linux-x86_64-fedora-gcc 0.1.0 25.83 OK
r-devel-windows-x86_64 0.1.0 2.00 38.00 40.00 OK
r-patched-linux-x86_64 0.1.0 1.44 15.28 16.72 OK
r-release-linux-x86_64 0.1.0 1.51 15.26 16.77 OK
r-release-macos-arm64 0.1.0 14.00 OK
r-release-macos-x86_64 0.1.0 21.00 OK
r-release-windows-x86_64 0.1.0 3.00 36.00 39.00 OK
r-oldrel-macos-arm64 0.1.0 14.00 OK
r-oldrel-macos-x86_64 0.1.0 19.00 OK
r-oldrel-windows-x86_64 0.1.0 2.00 34.00 36.00 OK

Check Details

Version: 0.1.0
Check: CRAN incoming feasibility
Result: NOTE Maintainer: ‘Zhicheng Du <dgdzc@hotmail.com>’ No Authors@R field in DESCRIPTION. Please add one, modifying Authors@R: person(given = "Zhicheng", family = "Du", role = c("aut", "cre"), email = "dgdzc@hotmail.com") as necessary. Flavors: r-devel-linux-x86_64-debian-clang, r-devel-linux-x86_64-debian-gcc

mirror server hosted at Truenetwork, Russian Federation.