CRAN Package Check Results for Package VarED

Last updated on 2025-05-24 12:49:34 CEST.

Flavor Version Tinstall Tcheck Ttotal Status Flags
r-devel-linux-x86_64-debian-clang 1.0.0 1.67 16.44 18.11 NOTE
r-devel-linux-x86_64-debian-gcc 1.0.0 1.31 13.90 15.21 NOTE
r-devel-linux-x86_64-fedora-clang 1.0.0 28.27 OK
r-devel-linux-x86_64-fedora-gcc 1.0.0 27.67 OK
r-devel-windows-x86_64 1.0.0 2.00 40.00 42.00 OK
r-patched-linux-x86_64 1.0.0 1.55 15.61 17.16 OK
r-release-linux-x86_64 1.0.0 1.32 15.73 17.05 OK
r-release-macos-arm64 1.0.0 13.00 OK
r-release-macos-x86_64 1.0.0 20.00 OK
r-release-windows-x86_64 1.0.0 3.00 36.00 39.00 OK
r-oldrel-macos-arm64 1.0.0 12.00 OK
r-oldrel-macos-x86_64 1.0.0 18.00 OK
r-oldrel-windows-x86_64 1.0.0 3.00 34.00 37.00 OK

Check Details

Version: 1.0.0
Check: CRAN incoming feasibility
Result: NOTE Maintainer: ‘Wenlin Dai <wenlin.dai@kaust.edu.sa>’ No Authors@R field in DESCRIPTION. Please add one, modifying Authors@R: c(person(given = "Wenlin", family = "Dai", role = c("aut", "cre"), email = "wenlin.dai@kaust.edu.sa"), person(given = "Tiejun", family = "Tong.", role = "aut", email = "tongt@hkbu.edu.sa")) as necessary. Flavors: r-devel-linux-x86_64-debian-clang, r-devel-linux-x86_64-debian-gcc

mirror server hosted at Truenetwork, Russian Federation.