Last updated on 2025-05-29 18:50:13 CEST.
Flavor | Version | Tinstall | Tcheck | Ttotal | Status | Flags |
---|---|---|---|---|---|---|
r-devel-linux-x86_64-debian-clang | 1.1 | 25.35 | 25.94 | 51.29 | NOTE | |
r-devel-linux-x86_64-debian-gcc | 1.1 | 19.14 | 21.05 | 40.19 | NOTE | |
r-devel-linux-x86_64-fedora-clang | 1.1 | 91.12 | NOTE | |||
r-devel-linux-x86_64-fedora-gcc | 1.1 | 85.66 | NOTE | |||
r-devel-windows-x86_64 | 1.1 | 31.00 | 64.00 | 95.00 | NOTE | |
r-patched-linux-x86_64 | 1.1 | 25.94 | 24.17 | 50.11 | NOTE | |
r-release-linux-x86_64 | 1.1 | 27.42 | 24.41 | 51.83 | NOTE | |
r-release-macos-arm64 | 1.1 | 30.00 | NOTE | |||
r-release-macos-x86_64 | 1.1 | 44.00 | NOTE | |||
r-release-windows-x86_64 | 1.1 | 31.00 | 69.00 | 100.00 | NOTE | |
r-oldrel-macos-arm64 | 1.1 | 28.00 | NOTE | |||
r-oldrel-macos-x86_64 | 1.1 | 46.00 | NOTE | |||
r-oldrel-windows-x86_64 | 1.1 | 35.00 | 77.00 | 112.00 | NOTE |
Version: 1.1
Check: C++ specification
Result: NOTE
Specified C++11: please drop specification unless essential
Flavors: r-devel-linux-x86_64-debian-clang, r-devel-linux-x86_64-debian-gcc, r-devel-linux-x86_64-fedora-clang, r-devel-linux-x86_64-fedora-gcc, r-devel-windows-x86_64, r-patched-linux-x86_64, r-release-linux-x86_64, r-release-macos-arm64, r-release-macos-x86_64, r-release-windows-x86_64, r-oldrel-macos-arm64, r-oldrel-macos-x86_64, r-oldrel-windows-x86_64