Last updated on 2025-05-29 18:50:13 CEST.
Flavor | Version | Tinstall | Tcheck | Ttotal | Status | Flags |
---|---|---|---|---|---|---|
r-devel-linux-x86_64-debian-clang | 0.17.0 | 72.37 | 20.30 | 92.67 | OK | |
r-devel-linux-x86_64-debian-gcc | 0.18.0 | 64.01 | 17.00 | 81.01 | OK | |
r-devel-linux-x86_64-fedora-clang | 0.18.0 | 159.64 | OK | |||
r-devel-linux-x86_64-fedora-gcc | 0.18.0 | 212.17 | OK | |||
r-devel-windows-x86_64 | 0.17.0 | 105.00 | 104.00 | 209.00 | OK | |
r-patched-linux-x86_64 | 0.18.0 | 92.73 | 18.57 | 111.30 | OK | |
r-release-linux-x86_64 | 0.17.0 | 84.56 | 18.57 | 103.13 | OK | |
r-release-macos-arm64 | 0.18.0 | 51.00 | OK | |||
r-release-macos-x86_64 | 0.18.0 | 69.00 | OK | |||
r-release-windows-x86_64 | 0.18.0 | 94.00 | 120.00 | 214.00 | OK | |
r-oldrel-macos-arm64 | 0.18.0 | 50.00 | NOTE | |||
r-oldrel-macos-x86_64 | 0.18.0 | 73.00 | NOTE | |||
r-oldrel-windows-x86_64 | 0.18.0 | 93.00 | 144.00 | 237.00 | NOTE |
Version: 0.18.0
Check: installed package size
Result: NOTE
installed size is 9.4Mb
sub-directories of 1Mb or more:
libs 9.3Mb
Flavors: r-oldrel-macos-arm64, r-oldrel-macos-x86_64, r-oldrel-windows-x86_64