Last updated on 2025-05-29 12:48:30 CEST.
Flavor | Version | Tinstall | Tcheck | Ttotal | Status | Flags |
---|---|---|---|---|---|---|
r-devel-linux-x86_64-debian-clang | 1.0.0 | 36.62 | 312.53 | 349.15 | OK | |
r-devel-linux-x86_64-debian-gcc | 1.0.0 | 23.30 | 205.94 | 229.24 | OK | |
r-devel-linux-x86_64-fedora-clang | 1.0.0 | 539.22 | OK | |||
r-devel-linux-x86_64-fedora-gcc | 1.0.0 | 531.65 | OK | |||
r-devel-windows-x86_64 | 1.0.0 | 35.00 | 249.00 | 284.00 | OK | |
r-patched-linux-x86_64 | 1.0.0 | 32.52 | 288.85 | 321.37 | OK | |
r-release-linux-x86_64 | 1.0.0 | 35.93 | 285.73 | 321.66 | OK | |
r-release-macos-arm64 | 1.0.0 | 151.00 | OK | |||
r-release-macos-x86_64 | 1.0.0 | 281.00 | OK | |||
r-release-windows-x86_64 | 1.0.0 | 38.00 | 248.00 | 286.00 | OK | |
r-oldrel-macos-arm64 | 1.0.0 | 132.00 | NOTE | |||
r-oldrel-macos-x86_64 | 1.0.0 | 227.00 | NOTE | |||
r-oldrel-windows-x86_64 | 1.0.0 | 53.00 | 341.00 | 394.00 | NOTE |
Version: 1.0.0
Check: installed package size
Result: NOTE
installed size is 5.7Mb
sub-directories of 1Mb or more:
data 4.9Mb
Flavors: r-oldrel-macos-arm64, r-oldrel-macos-x86_64, r-oldrel-windows-x86_64