Last updated on 2025-05-29 12:48:30 CEST.
Flavor | Version | Tinstall | Tcheck | Ttotal | Status | Flags |
---|---|---|---|---|---|---|
r-devel-linux-x86_64-debian-clang | 1.0.6 | 7.30 | 61.56 | 68.86 | OK | |
r-devel-linux-x86_64-debian-gcc | 1.0.6 | 5.83 | 42.93 | 48.76 | OK | |
r-devel-linux-x86_64-fedora-clang | 1.0.6 | 107.72 | NOTE | |||
r-devel-linux-x86_64-fedora-gcc | 1.0.6 | 100.79 | NOTE | |||
r-devel-windows-x86_64 | 1.0.6 | 11.00 | 72.00 | 83.00 | OK | |
r-patched-linux-x86_64 | 1.0.6 | 7.84 | 55.75 | 63.59 | OK | |
r-release-linux-x86_64 | 1.0.6 | 6.43 | 56.72 | 63.15 | OK | |
r-release-macos-arm64 | 1.0.6 | 41.00 | OK | |||
r-release-macos-x86_64 | 1.0.6 | 56.00 | OK | |||
r-release-windows-x86_64 | 1.0.6 | 9.00 | 74.00 | 83.00 | OK | |
r-oldrel-macos-arm64 | 1.0.6 | 34.00 | OK | |||
r-oldrel-macos-x86_64 | 1.0.6 | 54.00 | OK | |||
r-oldrel-windows-x86_64 | 1.0.6 | 13.00 | 85.00 | 98.00 | OK |
Version: 1.0.6
Check: dependencies in R code
Result: NOTE
Namespaces in Imports field not imported from:
‘Rcpp’ ‘chron’ ‘colorspace’ ‘gtable’ ‘htmltools’ ‘htmlwidgets’
‘httpuv’ ‘magrittr’ ‘munsell’ ‘plyr’ ‘scales’ ‘stringi’ ‘xtable’
‘yaml’
All declared Imports should be used.
Flavors: r-devel-linux-x86_64-fedora-clang, r-devel-linux-x86_64-fedora-gcc