CRAN Package Check Results for Package befproj

Last updated on 2025-05-22 18:52:00 CEST.

Flavor Version Tinstall Tcheck Ttotal Status Flags
r-devel-linux-x86_64-debian-clang 0.1.1 2.56 23.83 26.39 NOTE
r-devel-linux-x86_64-debian-gcc 0.1.1 2.04 18.41 20.45 NOTE
r-devel-linux-x86_64-fedora-clang 0.1.1 39.49 OK
r-devel-linux-x86_64-fedora-gcc 0.1.1 38.69 OK
r-devel-windows-x86_64 0.1.1 5.00 48.00 53.00 OK
r-patched-linux-x86_64 0.1.1 2.62 21.71 24.33 OK
r-release-linux-x86_64 0.1.1 2.61 21.88 24.49 OK
r-release-macos-arm64 0.1.1 23.00 OK
r-release-macos-x86_64 0.1.1 30.00 OK
r-release-windows-x86_64 0.1.1 5.00 54.00 59.00 OK
r-oldrel-macos-arm64 0.1.1 18.00 OK
r-oldrel-macos-x86_64 0.1.1 30.00 OK
r-oldrel-windows-x86_64 0.1.1 5.00 48.00 53.00 OK

Check Details

Version: 0.1.1
Check: CRAN incoming feasibility
Result: NOTE Maintainer: ‘Peter Thuresson <jpeter.thuresson@gmail.com>’ No Authors@R field in DESCRIPTION. Please add one, modifying Authors@R: person(given = "Peter", family = "Thuresson", role = c("aut", "cre"), email = "jpeter.thuresson@gmail.com") as necessary. Flavors: r-devel-linux-x86_64-debian-clang, r-devel-linux-x86_64-debian-gcc

mirror server hosted at Truenetwork, Russian Federation.