Last updated on 2025-05-28 06:51:21 CEST.
Flavor | Version | Tinstall | Tcheck | Ttotal | Status | Flags |
---|---|---|---|---|---|---|
r-devel-linux-x86_64-debian-clang | 1.0.7 | 294.78 | 83.10 | 377.88 | NOTE | |
r-devel-linux-x86_64-debian-gcc | 1.0.7 | 277.84 | 105.55 | 383.39 | NOTE | |
r-devel-linux-x86_64-fedora-clang | 1.0.7 | 641.87 | NOTE | |||
r-devel-linux-x86_64-fedora-gcc | 1.0.7 | 825.08 | NOTE | |||
r-devel-windows-x86_64 | 1.0.7 | 334.00 | 167.00 | 501.00 | NOTE | |
r-patched-linux-x86_64 | 1.0.7 | 366.82 | 139.73 | 506.55 | NOTE | |
r-release-linux-x86_64 | 1.0.7 | 362.41 | 137.81 | 500.22 | NOTE | |
r-release-macos-arm64 | 1.0.7 | 163.00 | NOTE | |||
r-release-macos-x86_64 | 1.0.7 | 194.00 | NOTE | |||
r-release-windows-x86_64 | 1.0.7 | 336.00 | 172.00 | 508.00 | NOTE | |
r-oldrel-macos-arm64 | 1.0.7 | 158.00 | NOTE | |||
r-oldrel-macos-x86_64 | 1.0.7 | 151.00 | NOTE | |||
r-oldrel-windows-x86_64 | 1.0.7 | 413.00 | 190.00 | 603.00 | NOTE |
Version: 1.0.7
Check: C++ specification
Result: NOTE
Specified C++11: please drop specification unless essential
Flavors: r-devel-linux-x86_64-debian-clang, r-devel-linux-x86_64-debian-gcc, r-devel-linux-x86_64-fedora-clang, r-devel-linux-x86_64-fedora-gcc, r-devel-windows-x86_64, r-patched-linux-x86_64, r-release-linux-x86_64, r-release-macos-arm64, r-release-macos-x86_64, r-release-windows-x86_64, r-oldrel-macos-arm64, r-oldrel-macos-x86_64, r-oldrel-windows-x86_64
Version: 1.0.7
Check: Rd files
Result: NOTE
checkRd: (-1) gen.data.Rd:42: Lost braces
42 | code{cortype = 2} denotes the constant structure, where the \eqn{(i,j)} entry of covariance
| ^
Flavors: r-devel-linux-x86_64-debian-clang, r-devel-linux-x86_64-debian-gcc, r-devel-linux-x86_64-fedora-clang, r-devel-linux-x86_64-fedora-gcc, r-devel-windows-x86_64, r-patched-linux-x86_64, r-release-linux-x86_64, r-release-macos-arm64, r-release-macos-x86_64, r-release-windows-x86_64, r-oldrel-macos-arm64, r-oldrel-macos-x86_64, r-oldrel-windows-x86_64
Version: 1.0.7
Check: installed package size
Result: NOTE
installed size is 63.9Mb
sub-directories of 1Mb or more:
data 2.7Mb
libs 60.7Mb
Flavors: r-oldrel-macos-arm64, r-oldrel-macos-x86_64