Last updated on 2025-05-29 18:50:15 CEST.
Flavor | Version | Tinstall | Tcheck | Ttotal | Status | Flags |
---|---|---|---|---|---|---|
r-devel-linux-x86_64-debian-clang | 0.1.0 | 9.27 | 131.18 | 140.45 | OK | |
r-devel-linux-x86_64-debian-gcc | 0.1.0 | 7.14 | 91.94 | 99.08 | OK | |
r-devel-linux-x86_64-fedora-clang | 0.1.0 | 238.65 | OK | |||
r-devel-linux-x86_64-fedora-gcc | 0.1.0 | 223.94 | OK | |||
r-devel-windows-x86_64 | 0.1.0 | 13.00 | 148.00 | 161.00 | OK | |
r-patched-linux-x86_64 | 0.1.0 | 11.75 | 122.30 | 134.05 | OK | |
r-release-linux-x86_64 | 0.1.0 | 11.08 | 122.50 | 133.58 | OK | |
r-release-macos-arm64 | 0.1.0 | 56.00 | OK | |||
r-release-macos-x86_64 | 0.1.0 | 103.00 | OK | |||
r-release-windows-x86_64 | 0.1.0 | 14.00 | 148.00 | 162.00 | OK | |
r-oldrel-macos-arm64 | 0.1.0 | 42.00 | NOTE | |||
r-oldrel-macos-x86_64 | 0.1.0 | 110.00 | NOTE | |||
r-oldrel-windows-x86_64 | 0.1.0 | 17.00 | 182.00 | 199.00 | NOTE |
Version: 0.1.0
Check: installed package size
Result: NOTE
installed size is 10.7Mb
sub-directories of 1Mb or more:
doc 9.9Mb
Flavors: r-oldrel-macos-arm64, r-oldrel-macos-x86_64, r-oldrel-windows-x86_64