Last updated on 2025-05-28 06:51:21 CEST.
Flavor | Version | Tinstall | Tcheck | Ttotal | Status | Flags |
---|---|---|---|---|---|---|
r-devel-linux-x86_64-debian-clang | 4.8.4 | 31.07 | 575.17 | 606.24 | NOTE | |
r-devel-linux-x86_64-debian-gcc | 4.8.4 | 21.64 | 384.20 | 405.84 | NOTE | |
r-devel-linux-x86_64-fedora-clang | 4.8.4 | 965.79 | OK | |||
r-devel-linux-x86_64-fedora-gcc | 4.8.4 | 943.24 | OK | |||
r-devel-windows-x86_64 | 4.8.4 | 33.00 | 515.00 | 548.00 | OK | |
r-patched-linux-x86_64 | 4.8.4 | 29.82 | 553.21 | 583.03 | OK | |
r-release-linux-x86_64 | 4.8.4 | 29.12 | 546.64 | 575.76 | OK | |
r-release-macos-arm64 | 4.8.4 | 272.00 | OK | |||
r-release-macos-x86_64 | 4.8.4 | 532.00 | OK | |||
r-release-windows-x86_64 | 4.8.4 | 34.00 | 498.00 | 532.00 | OK | |
r-oldrel-macos-arm64 | 4.8.4 | 268.00 | OK | |||
r-oldrel-macos-x86_64 | 4.8.4 | 550.00 | OK | |||
r-oldrel-windows-x86_64 | 4.8.4 | 42.00 | 707.00 | 749.00 | OK |
Version: 4.8.4
Check: CRAN incoming feasibility
Result: NOTE
Maintainer: ‘Amy D Willis <adwillis@uw.edu>’
The Description field contains
<doi:10.1111/rssc.12206>, and Willis (2016) <arXiv:1604.02598>, as well
Please refer to arXiv e-prints via their arXiv DOI <doi:10.48550/arXiv.YYMM.NNNNN>.
Flavors: r-devel-linux-x86_64-debian-clang, r-devel-linux-x86_64-debian-gcc