CRAN Package Check Results for Package bullwhipgame

Last updated on 2025-05-28 18:51:14 CEST.

Flavor Version Tinstall Tcheck Ttotal Status Flags
r-devel-linux-x86_64-debian-clang 0.1.0 1.65 16.25 17.90 NOTE
r-devel-linux-x86_64-debian-gcc 0.1.0 1.26 13.81 15.07 NOTE
r-devel-linux-x86_64-fedora-clang 0.1.0 28.14 OK
r-devel-linux-x86_64-fedora-gcc 0.1.0 26.96 OK
r-devel-windows-x86_64 0.1.0 4.00 36.00 40.00 OK
r-patched-linux-x86_64 0.1.0 1.70 15.68 17.38 OK
r-release-linux-x86_64 0.1.0 1.63 15.88 17.51 OK
r-release-macos-arm64 0.1.0 18.00 OK
r-release-macos-x86_64 0.1.0 24.00 OK
r-release-windows-x86_64 0.1.0 3.00 39.00 42.00 OK
r-oldrel-macos-arm64 0.1.0 13.00 NOTE
r-oldrel-macos-x86_64 0.1.0 19.00 NOTE
r-oldrel-windows-x86_64 0.1.0 4.00 40.00 44.00 NOTE

Check Details

Version: 0.1.0
Check: CRAN incoming feasibility
Result: NOTE Maintainer: ‘Marlene Marchena <marchenamarlene@gmail.com>’ No Authors@R field in DESCRIPTION. Please add one, modifying Authors@R: person(given = "Marlene", family = "Marchena", role = c("aut", "cre"), email = "marchenamarlene@gmail.com") as necessary. The Description field contains <arXiv:1009.3977>. Please refer to arXiv e-prints via their arXiv DOI <doi:10.48550/arXiv.YYMM.NNNNN>. Flavors: r-devel-linux-x86_64-debian-clang, r-devel-linux-x86_64-debian-gcc

Version: 0.1.0
Check: LazyData
Result: NOTE 'LazyData' is specified without a 'data' directory Flavors: r-oldrel-macos-arm64, r-oldrel-macos-x86_64, r-oldrel-windows-x86_64

mirror server hosted at Truenetwork, Russian Federation.