CRAN Package Check Results for Package catdata

Last updated on 2025-05-29 18:50:15 CEST.

Flavor Version Tinstall Tcheck Ttotal Status Flags
r-devel-linux-x86_64-debian-clang 1.2.4 1.87 142.99 144.86 NOTE
r-devel-linux-x86_64-debian-gcc 1.2.4 1.46 123.50 124.96 NOTE
r-devel-linux-x86_64-fedora-clang 1.2.4 249.81 OK
r-devel-linux-x86_64-fedora-gcc 1.2.4 248.20 OK
r-devel-windows-x86_64 1.2.4 3.00 467.00 470.00 OK
r-patched-linux-x86_64 1.2.4 2.34 140.02 142.36 OK
r-release-linux-x86_64 1.2.4 1.64 140.41 142.05 OK
r-release-macos-arm64 1.2.4 150.00 OK
r-release-macos-x86_64 1.2.4 249.00 OK
r-release-windows-x86_64 1.2.4 5.00 0.00 5.00 FAIL
r-oldrel-macos-arm64 1.2.4 135.00 OK
r-oldrel-macos-x86_64 1.2.4 364.00 OK
r-oldrel-windows-x86_64 1.2.4 3.00 395.00 398.00 OK

Check Details

Version: 1.2.4
Check: CRAN incoming feasibility
Result: NOTE Maintainer: ‘Gunther Schauberger <gunther.schauberger@tum.de>’ No Authors@R field in DESCRIPTION. Please add one, modifying Authors@R: c(person(given = "Gunther", family = "Schauberger", role = c("aut", "cre"), email = "gunther.schauberger@tum.de"), person(given = "Gerhard", family = "Tutz", role = "aut")) as necessary. Flavors: r-devel-linux-x86_64-debian-clang, r-devel-linux-x86_64-debian-gcc

Version: 1.2.4
Check: re-building of vignette outputs
Result: FAIL Check process probably crashed or hung up for 20 minutes ... killed Most likely this happened in the example checks (?), if not, ignore the following last lines of example output: > > ### Name: vaso > ### Title: Vasoconstriciton and Breathing > ### Aliases: vaso > ### Keywords: datasets > > ### ** Examples > > ## Not run: > ##D ##look for: > ##D if(interactive()){vignette("binary-vaso")} > ## End(Not run) > > > > ### * <FOOTER> > ### > cleanEx() > options(digits = 7L) > base::cat("Time elapsed: ", proc.time() - base::get("ptime", pos = 'CheckExEnv'),"\n") Time elapsed: 0.87 0.05 0.94 NA NA > grDevices::dev.off() null device 1 > ### > ### Local variables: *** > ### mode: outline-minor *** > ### outline-regexp: "\\(> \\)?### [*]+" *** > ### End: *** > quit('no') ======== End of example output (where/before crash/hang up occured ?) ======== Flavor: r-release-windows-x86_64

mirror server hosted at Truenetwork, Russian Federation.